ulate the greatest common divisor of 21 and 1995.
21
Calculate the greatest common divisor of 324 and 36.
36
What is the greatest common divisor of 58 and 406?
58
What is the highest common factor of 672 and 3808?
224
What is the highest common factor of 22 and 1474?
22
What is the highest common divisor of 24459 and 93?
93
Calculate the highest common divisor of 30 and 162.
6
Calculate the highest common factor of 551 and 29.
29
What is the greatest common divisor of 2774 and 722?
38
What is the greatest common factor of 832 and 936?
104
What is the greatest common factor of 18761 and 146?
73
What is the greatest common factor of 918 and 1107?
27
What is the greatest common factor of 44 and 132?
44
Calculate the greatest common divisor of 17 and 136.
17
Calculate the highest common factor of 42 and 13300.
14
Calculate the greatest common divisor of 574 and 14.
14
What is the highest common divisor of 10 and 63910?
10
What is the highest common factor of 1725 and 675?
75
Calculate the highest common factor of 209 and 11.
11
What is the greatest common factor of 295 and 80?
5
Calculate the highest common divisor of 684 and 68742.
342
What is the greatest common factor of 21 and 231?
21
Calculate the greatest common divisor of 8 and 68.
4
Calculate the greatest common divisor of 944 and 4779.
59
Calculate the greatest common divisor of 12 and 192.
12
What is the highest common factor of 289 and 51?
17
What is the greatest common divisor of 1938 and 342?
114
Calculate the greatest common divisor of 12416 and 97.
97
What is the highest common divisor of 148 and 37?
37
What is the highest common divisor of 341 and 11?
11
Calculate the greatest common divisor of 11808 and 72.
72
What is the highest common factor of 3146 and 605?
121
Calculate the greatest common factor of 441 and 6.
3
What is the highest common divisor of 99 and 147807?
99
Calculate the highest common divisor of 1050 and 315.
105
Calculate the highest common factor of 16 and 24.
8
What is the greatest common factor of 22 and 16?
2
What is the greatest common divisor of 58 and 18415?
29
Calculate the greatest common divisor of 120 and 2580.
60
Calculate the highest common divisor of 28 and 36.
4
What is the greatest common divisor of 1802 and 102?
34
Calculate the greatest common factor of 84 and 70.
14
What is the greatest common factor of 1679 and 92?
23
What is the highest common divisor of 156 and 9?
3
Calculate the greatest common divisor of 2005 and 15.
5
Calculate the greatest common factor of 351 and 143.
13
Calculate the highest common factor of 54 and 684.
18
Calculate the greatest common factor of 9 and 603.
9
What is the highest common factor of 254 and 6223?
127
Calculate the highest common factor of 3999 and 516.
129
What is the greatest common divisor of 2037 and 21?
21
What is the greatest common factor of 40 and 55?
5
What is the greatest common factor of 8 and 5528?
8
What is the greatest common factor of 893 and 94?
47
Calculate the highest common factor of 36 and 2916.
36
What is the greatest common divisor of 196 and 7546?
98
What is the highest common factor of 442 and 34?
34
Calculate the highest common divisor of 16 and 2864.
16
What is the highest common divisor of 10 and 32?
2
Calculate the greatest common divisor of 2024 and 8.
8
What is the greatest common divisor of 1266 and 30?
6
Calculate the highest common divisor of 400 and 64.
16
Calculate the highest common divisor of 950 and 250.
50
What is the highest common divisor of 567 and 7?
7
Calculate the greatest common factor of 148 and 32.
4
What is the greatest common divisor of 18 and 732?
6
What is the highest common factor of 208 and 78?
26
What is the highest common divisor of 2988 and 415?
83
Calculate the highest common divisor of 126 and 56.
14
What is the highest common divisor of 4208 and 112?
16
Calculate the greatest common factor of 30 and 170.
10
Calculate the greatest common divisor of 92 and 17089.
23
What is the greatest common factor of 144 and 108?
36
What is the greatest common factor of 936 and 36?
36
Calculate the greatest common divisor of 63 and 1659.
21
What is the greatest common factor of 39 and 299?
13
Calculate the highest common divisor of 178 and 23318.
178
What is the highest common factor of 2028 and 546?
78
What is the highest common divisor of 56 and 8?
8
Calculate the highest common factor of 210 and 660.
30
Calculate the highest common factor of 16568 and 608.
152
Calculate the highest common factor of 66 and 143.
11
Calculate the highest common factor of 8376 and 36.
12
Calculate the greatest common divisor of 224 and 1288.
56
What is the highest common factor of 2172 and 516?
12
What is the highest common factor of 1147 and 899?
31
What is the highest common divisor of 1134 and 27?
27
Calculate the highest common factor of 156 and 48.
12
Calculate the greatest common factor of 12 and 100.
4
Calculate the greatest common divisor of 70 and 2044.
14
What is the greatest common divisor of 76 and 323?
19
What is the greatest common divisor of 180 and 20?
20
Calculate the greatest common factor of 160 and 4680.
40
What is the highest common divisor of 9 and 50931?
9
What is the highest common factor of 8370 and 1080?
270
Calculate the greatest common factor of 783 and 116.
29
What is the greatest common factor of 24 and 3?
3
Calculate the highest common factor of 507 and 26.
13
What is the highest common factor of 37 and 37?
37
What is the highest common divisor of 767 and 104?
13
What is the greatest common factor of 16 and 2048?
16
What is the highest common factor of 3592 and 8?
8
What is the highest common divisor of 22 and 4642?
22
Calculate the highest common factor of 26 and 130.
26
Calculate the highest common factor of 119 and 85.
17
What is the highest common divisor of 10 and 36?
2
What is the highest common factor of 285 and 15?
15
What is the highest common factor of 12 and 48?
12
Calculate the highest common divisor of 31831 and 278.
139
What is the greatest common factor of 1058 and 46?
46
Calculate the greatest common divisor of 1328 and 249.
83
Calculate the greatest common divisor of 162 and 1998.
54
Calculate the greatest common factor of 81 and 3969.
81
What is the greatest common factor of 156 and 240?
12
Calculate the highest common factor of 198 and 1278.
18
Calculate the highest common divisor of 224 and 1960.
56
Calculate the greatest common divisor of 616 and 4.
4
Calculate the highest common divisor of 530 and 610.
10
What is the greatest common factor of 9 and 147?
3
Calculate the highest common divisor of 238 and 272.
34
Calculate the greatest common factor of 5710 and 20.
10
Calculate the highest common divisor of 14378 and 7.
7
Calculate the greatest common divisor of 168 and 2856.
168
What is the greatest common divisor of 18 and 666?
18
Calculate the greatest common factor of 700 and 800.
100
What is the highest common divisor of 224 and 1504?
32
Calculate the highest common factor of 5 and 1535.
5
Calculate the highest common factor of 57 and 931.
19
What is the greatest common factor of 4 and 36?
4
What is the greatest common factor of 56 and 17752?
56
What is the highest common divisor of 2494 and 232?
58
Calculate the greatest common factor of 180 and 2620.
20
Calculate the greatest common factor of 1309 and 4675.
187
What is the greatest common factor of 3553 and 748?
187
Calculate the highest common divisor of 30 and 270.
30
What is the greatest common divisor of 1804 and 738?
82
What is the greatest common factor of 68 and 170?
34
Calculate the greatest common factor of 1465 and 5.
5
Calculate the greatest common factor of 15 and 240.
15
Calculate the highest common factor of 2355 and 60.
15
What is the greatest common factor of 273 and 21?
21
Calculate the highest common factor of 28 and 1358.
14
What is the highest common factor of 3043 and 51?
17
Calculate the greatest common divisor of 21 and 1533.
21
What is the greatest common factor of 3 and 183?
3
Calculate the highest common factor of 16 and 400.
16
What is the greatest common divisor of 3 and 3048?
3
What is the highest common divisor of 16 and 672?
16
What is the greatest common divisor of 3406 and 52?
26
Calculate the greatest common factor of 232 and 8.
8
What is t